{"id":191,"date":"2025-03-26T03:57:39","date_gmt":"2025-03-26T00:57:39","guid":{"rendered":"https:\/\/kirmiziraf.com.tr\/zormankurumsal\/?post_type=product&#038;p=191"},"modified":"2025-03-26T04:01:55","modified_gmt":"2025-03-26T01:01:55","slug":"elektrikli-kombi-firin-6-x-gn-2-3","status":"publish","type":"product","link":"https:\/\/zorman.com.tr\/index.php\/product\/elektrikli-kombi-firin-6-x-gn-2-3\/","title":{"rendered":"ELEKTR\u0130KL\u0130 KOMB\u0130 FIRIN 6 x GN 2\/3"},"content":{"rendered":"<div id=\"accordionPanelsStayOpen\" class=\"accordion accordion-attributes-apo mt-2rem-apo\">\n<div class=\"accordion-item content-attributes-apo\">\n<h2 id=\"panelsStayOpen-headingOne\" class=\"accordion-header\"><button class=\"accordion-button\" type=\"button\" data-bs-toggle=\"collapse\" data-bs-target=\"#panelsStayOpen-collapseOne\" aria-expanded=\"true\" aria-controls=\"panelsStayOpen-collapseOne\"><span>Di\u011fer \u00f6zellikler<\/span><\/button><\/h2>\n<\/div>\n<div id=\"panelsStayOpen-collapseOne\" class=\"accordion-collapse collapse show\" aria-labelledby=\"panelsStayOpen-headingOne\">\n<div class=\"accordion-body body-wrapper-apo\">\n<table class=\"table table-striped table-attributes-apo\">\n<tbody>\n<tr>\n<td><span>Kap\u0131 kolu<\/span><\/td>\n<td><span>sa\u011f mente\u015feli, soldan sa\u011fa do\u011fru a\u00e7\u0131lan<\/span><\/td>\n<\/tr>\n<tr>\n<td><span>G\u00f6r\u00fcnt\u00fclemek<\/span><\/td>\n<td><span>7&#8243; kapasitif dokunmatik ekran<\/span><\/td>\n<\/tr>\n<tr>\n<td><span>\u00dcr\u00fcn \u00e7ekirdek ara\u015ft\u0131rmas\u0131<\/span><\/td>\n<td><span>\u00c7oklu nokta (5 sens\u00f6r) tedarik edildi<\/span><\/td>\n<\/tr>\n<tr>\n<td><span>Enerji Kontrol\u00fc<\/span><\/td>\n<td><span>G\u00fc\u00e7 zirvelerinin uzaktan kontrol\u00fc i\u00e7in \u00f6n ayar<\/span><\/td>\n<\/tr>\n<tr>\n<td><span>GN konteynerlerde kapasite<\/span><\/td>\n<td><span>6 x GN 2\/3 h=40 mm<\/span><\/td>\n<\/tr>\n<tr>\n<td><span>G\u00fc\u00e7 kayna\u011f\u0131<\/span><\/td>\n<td><span>Elektrik<\/span><\/td>\n<\/tr>\n<tr>\n<td><span>Pi\u015firme i\u015flemi i\u00e7in porsiyonlar<\/span><\/td>\n<td><span>n\u00b0 45<\/span><\/td>\n<\/tr>\n<tr>\n<td><span>Otomatik y\u0131kama<\/span><\/td>\n<td><span>deterjanla y\u00fcksek verimli<\/span><\/td>\n<\/tr>\n<\/tbody>\n<\/table>\n<\/div>\n<\/div>\n<\/div>\n<div id=\"accordionPanelsStayOpen\" class=\"accordion accordion-attributes-apo mt-1rem-apo\">\n<div class=\"accordion-item content-attributes-apo\">\n<h2 id=\"panelsStayOpen-headingTwo\" class=\"accordion-header\"><button class=\"accordion-button\" type=\"button\" data-bs-toggle=\"collapse\" data-bs-target=\"#panelsStayOpen-collapseTwo\" aria-expanded=\"true\" aria-controls=\"panelsStayOpen-collapseOne\"><span>T\u00fcm \u00f6zellikler<\/span><\/button><\/h2>\n<\/div>\n<div id=\"panelsStayOpen-collapseTwo\" class=\"accordion-collapse collapse show\" aria-labelledby=\"panelsStayOpen-headingTwo\">\n<div class=\"accordion-body body-wrapper-apo\">\n<table class=\"table table-striped table-attributes-apo\">\n<tbody>\n<tr>\n<td><span>\u00c7al\u0131\u015fma voltaj\u0131<\/span><\/td>\n<td><span>400V 3N \/ 230V 3\u00f71N\/ 50\u00f760 Hz<\/span><\/td>\n<\/tr>\n<tr>\n<td><span>Net a\u011f\u0131rl\u0131\u011f\u0131<\/span><\/td>\n<td><span>60 kilo<\/span><\/td>\n<\/tr>\n<tr>\n<td><span>Br\u00fct a\u011f\u0131rl\u0131k<\/span><\/td>\n<td><span>80 kilo<\/span><\/td>\n<\/tr>\n<tr>\n<td><span>Paketleme Geni\u015fli\u011fi<\/span><\/td>\n<td><span>58 santim<\/span><\/td>\n<\/tr>\n<tr>\n<td><span>Paketleme Y\u00fcksekli\u011fi<\/span><\/td>\n<td><span>104 cm<\/span><\/td>\n<\/tr>\n<tr>\n<td><span>Paketleme Derinli\u011fi<\/span><\/td>\n<td><span>80 santim<\/span><\/td>\n<\/tr>\n<tr>\n<td><span>Geni\u015flik<\/span><\/td>\n<td><span>51,3 cm<\/span><\/td>\n<\/tr>\n<tr>\n<td><span>Y\u00fckseklik<\/span><\/td>\n<td><span>83,3 cm<\/span><\/td>\n<\/tr>\n<tr>\n<td><span>Derinlik<\/span><\/td>\n<td><span>73,2 cm<\/span><\/td>\n<\/tr>\n<tr>\n<td><span>Elektrik G\u00fcc\u00fc<\/span><\/td>\n<td><span>5,5 kW<\/span><\/td>\n<\/tr>\n<tr>\n<td><span>Elektrik besleme y\u00fcksekli\u011fi<\/span><\/td>\n<td><span>20 santim<\/span><\/td>\n<\/tr>\n<tr>\n<td><span>So\u011fuk su<\/span><\/td>\n<td><span>18 l\/saat<\/span><\/td>\n<\/tr>\n<tr>\n<td><span>So\u011fuk su \u00e7ap\u0131<\/span><\/td>\n<td><span>3\/4&#8243;<\/span><\/td>\n<\/tr>\n<tr>\n<td><span>So\u011fuk su ba\u011flant\u0131 y\u00fcksekli\u011fi<\/span><\/td>\n<td><span>9 cm<\/span><\/td>\n<\/tr>\n<tr>\n<td><span>Su tahliye \u00e7ap\u0131<\/span><\/td>\n<td><span>4<\/span><\/td>\n<\/tr>\n<tr>\n<td><span>Su tahliye y\u00fcksekli\u011fi<\/span><\/td>\n<td><span>8 santimetre<\/span><\/td>\n<\/tr>\n<tr>\n<td><span>Boyutlar<\/span><\/td>\n<td><span>51,3&#215;73,2&#215;83,3 cm<\/span><\/td>\n<\/tr>\n<tr>\n<td><span>Paketleme<\/span><\/td>\n<td><span>58x80x104 cm<\/span><\/td>\n<\/tr>\n<\/tbody>\n<\/table>\n<\/div>\n<\/div>\n<\/div>\n","protected":false},"excerpt":{"rendered":"<div class=\"p-1\">\n<div class=\"p-1\">\n<div class=\"p-1\">\n<div id=\"accordionPanelsStayOpen\" class=\"accordion accordion-attributes-apo mt-2rem-apo\">\n<div class=\"accordion-item content-attributes-apo\">\n<div class=\"p-1\">\n<p>Kombine konveksiyon\/buhar f\u0131r\u0131n\u0131. AISI 304 paslanmaz \u00e7elikten pi\u015firme haznesine sahip paslanmaz \u00e7elikten yap\u0131lm\u0131\u015f yap\u0131. AISI 304 paslanmaz \u00e7elik \u00e7ubuktan \u00e7ok rayl\u0131 konteyner raf\u0131. Kontroll\u00fc ve mod\u00fcle edilmi\u015f a\u015f\u0131r\u0131 bas\u0131n\u00e7 ortam\u0131nda an\u0131nda buhar \u00fcretimi. Kapasitif dokunmatik ekranl\u0131, 7&#8243; y\u00fcksek \u00e7\u00f6z\u00fcn\u00fcrl\u00fckl\u00fc LCD aray\u00fczl\u00fc, kayd\u0131rma fonksiyonlu kontrol paneli. Programlanabilir (300 program &#8211; 18&#8217;e kadar ard\u0131\u015f\u0131k pi\u015firme a\u015famas\u0131). Manuel, otomatik veya haf\u0131zaya al\u0131nm\u0131\u015f pi\u015firme i\u015flemleri. \u00d6nceden ayarlanm\u0131\u015f \u00f6zel i\u015flemler: Bekletme, Delta T, Rejenerasyon, D\u00fc\u015f\u00fck S\u0131cakl\u0131k, Kavanozlarda Past\u00f6rizasyon ve Kavanozda pi\u015firme (aksesuarla), T\u00fcts\u00fcleme, Vakumlu paketleme, Kurutma ve T\u00fcts\u00fcleme (aksesuarla). Otomatik pi\u015firme haznesi y\u0131kama sistemi. 5 sens\u00f6rl\u00fc \u00e7ok noktal\u0131 \u00e7ekirdek probu sa\u011flan\u0131r. APO.LINK portal\u0131na standart olarak ba\u011flanabilir. Pi\u015firme programlar\u0131n\u0131n, yaz\u0131l\u0131m g\u00fcncellemelerinin, HACCP verilerinin, f\u0131r\u0131n yedeklemesinin, g\u00f6r\u00fcnt\u00fclerin indirilmesi\/y\u00fcklenmesi i\u00e7in USB portu. Kap\u0131 soldan sa\u011fa a\u00e7\u0131l\u0131r.<\/p>\n<\/div>\n<\/div>\n<\/div>\n<\/div>\n<\/div>\n<\/div>\n","protected":false},"featured_media":192,"comment_status":"open","ping_status":"closed","template":"","meta":[],"pwb-brand":[27],"product_brand":[],"product_cat":[17,24],"product_tag":[],"class_list":{"0":"post-191","1":"product","2":"type-product","3":"status-publish","4":"has-post-thumbnail","6":"pwb-brand-angelopo","7":"product_cat-firinlar","8":"product_cat-practico","10":"first","11":"instock","12":"shipping-taxable","13":"product-type-simple"},"brands":[{"id":27,"name":"Angelopo","slug":"angelopo"}],"_links":{"self":[{"href":"https:\/\/zorman.com.tr\/index.php\/wp-json\/wp\/v2\/product\/191","targetHints":{"allow":["GET"]}}],"collection":[{"href":"https:\/\/zorman.com.tr\/index.php\/wp-json\/wp\/v2\/product"}],"about":[{"href":"https:\/\/zorman.com.tr\/index.php\/wp-json\/wp\/v2\/types\/product"}],"replies":[{"embeddable":true,"href":"https:\/\/zorman.com.tr\/index.php\/wp-json\/wp\/v2\/comments?post=191"}],"wp:featuredmedia":[{"embeddable":true,"href":"https:\/\/zorman.com.tr\/index.php\/wp-json\/wp\/v2\/media\/192"}],"wp:attachment":[{"href":"https:\/\/zorman.com.tr\/index.php\/wp-json\/wp\/v2\/media?parent=191"}],"wp:term":[{"taxonomy":"pwb-brand","embeddable":true,"href":"https:\/\/zorman.com.tr\/index.php\/wp-json\/wp\/v2\/pwb-brand?post=191"},{"taxonomy":"product_brand","embeddable":true,"href":"https:\/\/zorman.com.tr\/index.php\/wp-json\/wp\/v2\/product_brand?post=191"},{"taxonomy":"product_cat","embeddable":true,"href":"https:\/\/zorman.com.tr\/index.php\/wp-json\/wp\/v2\/product_cat?post=191"},{"taxonomy":"product_tag","embeddable":true,"href":"https:\/\/zorman.com.tr\/index.php\/wp-json\/wp\/v2\/product_tag?post=191"}],"curies":[{"name":"wp","href":"https:\/\/api.w.org\/{rel}","templated":true}]}}