{"id":220,"date":"2025-03-26T13:51:41","date_gmt":"2025-03-26T10:51:41","guid":{"rendered":"https:\/\/kirmiziraf.com.tr\/zormankurumsal\/?post_type=product&#038;p=220"},"modified":"2025-03-26T13:53:57","modified_gmt":"2025-03-26T10:53:57","slug":"gaz-kombi-firin-12x2-1gn-otomatik-yikama-sistemi","status":"publish","type":"product","link":"https:\/\/zorman.com.tr\/index.php\/product\/gaz-kombi-firin-12x2-1gn-otomatik-yikama-sistemi\/","title":{"rendered":"GAZ KOMB\u0130 FIRIN 12X2\/1GN OTOMAT\u0130K YIKAMA S\u0130STEM\u0130"},"content":{"rendered":"<div id=\"accordionPanelsStayOpen\" class=\"accordion accordion-attributes-apo mt-2rem-apo\">\n<div class=\"accordion-item content-attributes-apo\">\n<h2 id=\"panelsStayOpen-headingOne\" class=\"accordion-header\"><button class=\"accordion-button\" type=\"button\" data-bs-toggle=\"collapse\" data-bs-target=\"#panelsStayOpen-collapseOne\" aria-expanded=\"true\" aria-controls=\"panelsStayOpen-collapseOne\"><span>Di\u011fer \u00f6zellikler<\/span><\/button><\/h2>\n<\/div>\n<div id=\"panelsStayOpen-collapseOne\" class=\"accordion-collapse collapse show\" aria-labelledby=\"panelsStayOpen-headingOne\">\n<div class=\"accordion-body body-wrapper-apo\">\n<table class=\"table table-striped table-attributes-apo\">\n<tbody>\n<tr>\n<td><span>G\u00fc\u00e7 kayna\u011f\u0131<\/span><\/td>\n<td><span>Gaz<\/span><\/td>\n<\/tr>\n<tr>\n<td><span>Otomatik y\u0131kama<\/span><\/td>\n<td><span>\u00fc\u00e7l\u00fc etkili dezenfektan etkisine sahip<\/span><\/td>\n<\/tr>\n<tr>\n<td><span>Kap\u0131 a\u00e7\u0131l\u0131\u015f\u0131<\/span><\/td>\n<td><span>soldan sa\u011fa<\/span><\/td>\n<\/tr>\n<tr>\n<td><span>Otomatik da\u011f\u0131t\u0131c\u0131<\/span><\/td>\n<td><span>Evet<\/span><\/td>\n<\/tr>\n<tr>\n<td><span>Kullan\u0131lacak kimyasal \u00fcr\u00fcnler<\/span><\/td>\n<td><span>S\u0131v\u0131 deterjan ve kire\u00e7 \u00e7\u00f6z\u00fcc\u00fc<\/span><\/td>\n<\/tr>\n<tr>\n<td><span>GN konteynerlerde kapasite<\/span><\/td>\n<td><span>12 x 2\/1GN &#8211; 24 x 1\/1GN<\/span><\/td>\n<\/tr>\n<tr>\n<td><span>Enerji Kontrol\u00fc<\/span><\/td>\n<td><span>G\u00fc\u00e7 zirvelerinin uzaktan kontrol\u00fc i\u00e7in \u00f6n ayar<\/span><\/td>\n<\/tr>\n<tr>\n<td><span>Pi\u015firme i\u015flemi i\u00e7in porsiyonlar<\/span><\/td>\n<td><span>n\u00b0 335<\/span><\/td>\n<\/tr>\n<tr>\n<td><span>\u00dcr\u00fcn \u00e7ekirdek ara\u015ft\u0131rmas\u0131<\/span><\/td>\n<td><span>Tek nokta, iste\u011fe ba\u011fl\u0131<\/span><\/td>\n<\/tr>\n<\/tbody>\n<\/table>\n<\/div>\n<\/div>\n<\/div>\n<div id=\"accordionPanelsStayOpen\" class=\"accordion accordion-attributes-apo mt-1rem-apo\">\n<div class=\"accordion-item content-attributes-apo\">\n<h2 id=\"panelsStayOpen-headingTwo\" class=\"accordion-header\"><button class=\"accordion-button\" type=\"button\" data-bs-toggle=\"collapse\" data-bs-target=\"#panelsStayOpen-collapseTwo\" aria-expanded=\"true\" aria-controls=\"panelsStayOpen-collapseOne\"><span>T\u00fcm \u00f6zellikler<\/span><\/button><\/h2>\n<\/div>\n<div id=\"panelsStayOpen-collapseTwo\" class=\"accordion-collapse collapse show\" aria-labelledby=\"panelsStayOpen-headingTwo\">\n<div class=\"accordion-body body-wrapper-apo\">\n<table class=\"table table-striped table-attributes-apo\">\n<tbody>\n<tr>\n<td><span>\u00c7al\u0131\u015fma voltaj\u0131<\/span><\/td>\n<td><span>230V 1N~ \/ 50Hz<\/span><\/td>\n<\/tr>\n<tr>\n<td><span>Net a\u011f\u0131rl\u0131\u011f\u0131<\/span><\/td>\n<td><span>265 kilo<\/span><\/td>\n<\/tr>\n<tr>\n<td><span>Br\u00fct a\u011f\u0131rl\u0131k<\/span><\/td>\n<td><span>290 kilo<\/span><\/td>\n<\/tr>\n<tr>\n<td><span>Paketleme Geni\u015fli\u011fi<\/span><\/td>\n<td><span>132 cm<\/span><\/td>\n<\/tr>\n<tr>\n<td><span>Paketleme Y\u00fcksekli\u011fi<\/span><\/td>\n<td><span>141 cm<\/span><\/td>\n<\/tr>\n<tr>\n<td><span>Paketleme Derinli\u011fi<\/span><\/td>\n<td><span>118 cm<\/span><\/td>\n<\/tr>\n<tr>\n<td><span>Geni\u015flik<\/span><\/td>\n<td><span>117,8 cm<\/span><\/td>\n<\/tr>\n<tr>\n<td><span>Y\u00fckseklik<\/span><\/td>\n<td><span>119,5 cm<\/span><\/td>\n<\/tr>\n<tr>\n<td><span>Derinlik<\/span><\/td>\n<td><span>109,5 cm<\/span><\/td>\n<\/tr>\n<tr>\n<td><span>Elektrik G\u00fcc\u00fc<\/span><\/td>\n<td><span>0,95 kW<\/span><\/td>\n<\/tr>\n<tr>\n<td><span>Gaz G\u00fcc\u00fc<\/span><\/td>\n<td><span>32 kilovat<\/span><\/td>\n<\/tr>\n<tr>\n<td><span>Boyutlar<\/span><\/td>\n<td><span>117,8&#215;109,5&#215;119,5 cm<\/span><\/td>\n<\/tr>\n<tr>\n<td><span>Paketleme<\/span><\/td>\n<td><span>132x118x141 cm<\/span><\/td>\n<\/tr>\n<\/tbody>\n<\/table>\n<\/div>\n<\/div>\n<\/div>\n","protected":false},"excerpt":{"rendered":"<div class=\"p-1\">\n<div id=\"accordionPanelsStayOpen\" class=\"accordion accordion-attributes-apo mt-2rem-apo\">\n<div class=\"accordion-item content-attributes-apo\">\n<div class=\"p-1\"><span style=\"color: #555555;\">Dijital ekran ve k\u00fct\u00fcphane programlar\u0131na sahip kombi f\u0131r\u0131n (buhar, s\u0131cak hava, kombi). Buhar \u00fcretimi \u00e7ift seviye. Otomatik d\u00f6n\u00fc\u015f tersine sahip fan. Pi\u015firme s\u0131ras\u0131nda aktif nem kontrol\u00fc. \u00dc\u00e7l\u00fc etkili temizleme etkisine sahip otomatik y\u0131kama sistemi, tamamen otomatik, her y\u0131kama i\u00e7in d\u0131\u015far\u0131dan yard\u0131m gerektirmez ve operat\u00f6r kimyasal \u00fcr\u00fcn\u00fc ellemez. Yedi y\u0131kama program\u0131. AISI 304 paslanmaz \u00e7elikten yap\u0131lm\u0131\u015f yap\u0131, pi\u015firme haznesinde AISI 316L.<\/span><\/div>\n<\/div>\n<\/div>\n<\/div>\n","protected":false},"featured_media":217,"comment_status":"open","ping_status":"closed","template":"","meta":[],"pwb-brand":[27],"product_brand":[],"product_cat":[17,22],"product_tag":[],"class_list":{"0":"post-220","1":"product","2":"type-product","3":"status-publish","4":"has-post-thumbnail","6":"pwb-brand-angelopo","7":"product_cat-firinlar","8":"product_cat-combistar-bx","10":"first","11":"instock","12":"shipping-taxable","13":"product-type-simple"},"brands":[{"id":27,"name":"Angelopo","slug":"angelopo"}],"_links":{"self":[{"href":"https:\/\/zorman.com.tr\/index.php\/wp-json\/wp\/v2\/product\/220","targetHints":{"allow":["GET"]}}],"collection":[{"href":"https:\/\/zorman.com.tr\/index.php\/wp-json\/wp\/v2\/product"}],"about":[{"href":"https:\/\/zorman.com.tr\/index.php\/wp-json\/wp\/v2\/types\/product"}],"replies":[{"embeddable":true,"href":"https:\/\/zorman.com.tr\/index.php\/wp-json\/wp\/v2\/comments?post=220"}],"wp:featuredmedia":[{"embeddable":true,"href":"https:\/\/zorman.com.tr\/index.php\/wp-json\/wp\/v2\/media\/217"}],"wp:attachment":[{"href":"https:\/\/zorman.com.tr\/index.php\/wp-json\/wp\/v2\/media?parent=220"}],"wp:term":[{"taxonomy":"pwb-brand","embeddable":true,"href":"https:\/\/zorman.com.tr\/index.php\/wp-json\/wp\/v2\/pwb-brand?post=220"},{"taxonomy":"product_brand","embeddable":true,"href":"https:\/\/zorman.com.tr\/index.php\/wp-json\/wp\/v2\/product_brand?post=220"},{"taxonomy":"product_cat","embeddable":true,"href":"https:\/\/zorman.com.tr\/index.php\/wp-json\/wp\/v2\/product_cat?post=220"},{"taxonomy":"product_tag","embeddable":true,"href":"https:\/\/zorman.com.tr\/index.php\/wp-json\/wp\/v2\/product_tag?post=220"}],"curies":[{"name":"wp","href":"https:\/\/api.w.org\/{rel}","templated":true}]}}